t is divided by l.
10
Let t be (72/10)/(12/(-15) + 1). Let s = -33 + t. Suppose 3*c = -s, 3*r + 8*c - 97 = 6*c. Calculate the remainder when 65 is divided by r.
32
Let j be 4/18 + 7027/9. Suppose -5*z = -2*u - j, 5*z + 2*u - 475 = 2*z. Let o(f) = -2433*f + 46259. Calculate the remainder when z is divided by o(19).
29
Let v be (((-54)/(-24))/9)/(1/8). Suppose 4*r = s - 38, -3*s = -0*s + v*r - 128. Let f = 65 - s. What is the remainder when f is divided by 13?
10
Suppose 4*z - 104 = -4*u, 65*z + 2*u - 21 = 64*z. Calculate the remainder when 278 is divided by z.
30
Suppose 5*z - 3*j - 56 = 0, -3*z + 4*j + 48 = z. Suppose -244*c - 250*c = -471*c - 4347. Calculate the remainder when c is divided by z.
9
Suppose -3516 = -4*s + 4*r, -2*s - 6*r + 858 = -828. What is the remainder when s is divided by 466?
404
Suppose -5*j = 2*z + 500, -2*j - z - 200 = -2*z. Let b = 217 + j. Calculate the remainder when b is divided by 18.
9
Let s = -1948 + 1980. What is the remainder when 101 is divided by s?
5
Suppose -5*f - 109 = -129. Suppose 7*o = 12*o + 2*u - 7, f*u + 1 = -5*o. What is the remainder when 29 is divided by o?
2
Let d = 439 + -320. What is the remainder when 448 is divided by d?
91
Let c be 4658/85 + 28/(-10) + 2. Suppose 3*w + 3*r = w + 40, 3*r = -3*w + c. What is the remainder when 349 is divided by w?
13
Calculate the remainder when (-2 + (-4)/(-4))*2*-35 is divided by -7 + 115/5 + (0 - 5).
4
Suppose 3*s - 12997 = -y + 264, 0 = -2*y + 4*s + 26462. What is the remainder when y is divided by 15?
13
Suppose -583 = -6493*y + 6482*y. Let q = -2 - -1. What is the remainder when y is divided by (q/2)/((-2)/60)?
8
Let q(h) = 11*h - 1. Suppose -1025 = -6*x + 889. What is the remainder when x is divided by q(6)?
59
Let o = -125 + -551. Let d = -548 - o. Calculate the remainder when d is divided by 57.
14
Let q(r) = -7*r**2 - 120*r + 47. What is the remainder when 623 is divided by q(-17)?
47
Let u = 4299 - 4272. Calculate the remainder when u is divided by 17.
10
Let u(d) = d**3 + 3*d**2 - d + 14. Let o(j) = 7*j + 6. Calculate the remainder when u(4) is divided by o(4).
20
Calculate the remainder when 1661 is divided by (33/(-22) - -9)*(-1630)/(-15).
31
Suppose 5*j + 548 = 4*f - 776, -3*j = 4*f + 820. Let s = j - -447. What is the remainder when s is divided by 18?
17
Suppose 6*y + 24 - 24 = 0. Suppose -296 = -5*c - 4*i + 184, y = -3*c + i + 271. What is the remainder when c is divided by (-2)/(-11) + 786/33?
20
Let h(x) be the first derivative of -246*x**2 - 2*x + 196. Calculate the remainder when h(-1) is divided by 82.
80
Let w be (18/(-4))/(-3) - 234/36. Let n be 24 - w*(-4)/20. Suppose -26*c + 33 = -n*c. What is the remainder when c is divided by 8?
3
Suppose -202442 = 62*k - 843894. Calculate the remainder when k is divided by 131.
128
Let h(v) = -v**3 + 13*v**2 + 28*v + 50. Let u be h(15). Suppose u*d - 30 = 17*d. Calculate the remainder when 97 is divided by d.
7
Suppose -3*z + 366 = 302*r - 301*r, 0 = -3*z + 2*r + 339. What is the remainder when 4160 is divided by z?
114
Let n be (1 - 3)/(4/10). Let b = n - -5. Suppose -m = -b*m - 8. Calculate the remainder when 12 is divided by m.
4
Let z be -3 + 4*(4 - 19). Let m = z + 97. Let v = 49 - m. What is the remainder when v is divided by 9?
6
Let v(n) = -n**3 - 20*n**2 + 69*n + 22. Let r be ((-23)/(-4))/(7 + 116/(-16)). Calculate the remainder when 28 is divided by v(r).
6
Let d = -43 - -81. What is the remainder when d is divided by (0 + 6)/((-114)/(-24) + -4)?
6
Suppose 0 = -4*f + 5*r - 36, 0*r - 36 = 4*f - r. Let n(x) = -5*x - 2. What is the remainder when (-96 - f)/(6/(-2)) is divided by n(-2)?
5
Let t be 24/9 - (-6)/(-9). What is the remainder when (t + -3)*(6 + -16) is divided by 8?
2
Let v = 4933 - 4928. Let p = 3 - 1. Suppose p*j + 1 = 5. Calculate the remainder when v is divided by j.
1
Let s = 547 + -45. Suppose s - 16 = 18*i. What is the remainder when 51 is divided by i?
24
Let z be -20*-1*(-4)/(-8) - 4. Suppose z*q = 148 + 278. Suppose 2*w + 17 - 61 = -2*d, -d + 4 = 0. What is the remainder when q is divided by w?
17
Calculate the remainder when (-151550)/30*(-2 - 1) is divided by 53.
50
Calculate the remainder when 797 is divided by (2/(-4))/((-1)/(-4)) + 221 + 37.
29
Calculate the remainder when 294 is divided by 2/(-16) + (-198)/(-176) - -157.
136
Suppose 4*d = -3*u + 17, 5*u = -d - 0*d. Suppose -16*j - 90 = -21*j + 5*q, -d*q = 0. What is the remainder when 132 is divided by j/((-2)/6 + 6 + -5)?
24
Let c = 48 + -44. Suppose u - 21 = -w, 8 = 4*w + c. What is the remainder when 134 is divided by u?
14
Let o(u) = -u**3 - 9*u**2 - 57*u - 807. What is the remainder when 836 is divided by o(-11)?
30
What is the remainder when (-62)/(-248) + (-1211)/(-4) is divided by 72?
15
Suppose -w = -3*g - 221, g - 623 = -21*w + 18*w. What is the remainder when 1044 is divided by w?
208
What is the remainder when 153 is divided by -5 + (7 - 35/5 - -7)?
1
Let l(j) = j**3 - 2*j**2 + 2*j + 90. Suppose 0*t = -12*t. Calculate the remainder when l(t) is divided by 49.
41
Suppose -9*j - 50 = -194. Calculate the remainder when 2349 is divided by j.
13
Let g(w) = 524*w**2 - 85*w + 86. Calculate the remainder when g(1) is divided by 271.
254
Let a = 59 - 49. Calculate the remainder when 3405/(-10)*a/(-15) is divided by 38.
37
Let r = 0 + 10. Suppose 5*x + 0 = r. Suppose -3*j - 2*s + 99 = 0, -5*s = -x*s. What is the remainder when j is divided by 12?
9
Let p be (8 - (-30)/(-6))*3. Suppose 0 = s + 2, 0 = -o + 3*s + p. Suppose m - 2*m + 7 = 0. Calculate the remainder when m is divided by o.
1
Let o(r) = -r**3 + 4*r**2 + 42*r - 27. Let c be o(8). Suppose 60*t - c*t - 35 = 0. What is the remainder when t is divided by 2?
1
Suppose 2*h + 34 = 3*h. Let d be 11/((-11)/162)*-3 - -2. Suppose 0 = 7*r - d - 191. Calculate the remainder when r is divided by h.
29
Suppose -10 = -3*h + b + 4, -5*b = 5*h - 10. Suppose 5*j + h*q - 138 = 0, 4*q = -0*j + 5*j - 162. What is the remainder when j is divided by 6 - ((-6)/3 - -4)?
2
Suppose -13*k = -18*k - 55. Let q(m) = -7*m + 28. Let t(j) = 13*j - 56. Let g(b) = k*q(b) - 6*t(b). What is the remainder when 51 is divided by g(9)?
13
Suppose 9607 = 11*s - 2713. Calculate the remainder when s is divided by 11.
9
Let y(v) = 10*v - 34. Let a be y(14). Suppose -224 = -33*r + a. What is the remainder when 218 is divided by r?
8
Suppose -9256 = -49*p - 2249. Calculate the remainder when 2571 is divided by p.
140
Let j = -73091 + 73611. Suppose -3*m - 2*l + 170 = 0, 2*m - 5*m = -3*l - 180. What is the remainder when j is divided by m?
56
Let d(w) = 2*w**2 - 50 - 19*w - 16*w + 43*w + 8. Calculate the remainder when d(-10) is divided by 21.
15
Let d = -2685 + 2927. Suppose 11*t - 398 - 141 = 0. What is the remainder when d is divided by t?
46
Let t = -53 - -72. Calculate the remainder when ((-32)/(-40))/(4/230) is divided by t.
8
Calculate the remainder when 3606/10*(-195)/(-117) is divided by 5.
1
Suppose -7615 + 20660 = 147*w - 24881. Calculate the remainder when 1819 is divided by w.
13
Let o = 10 - 0. Let z be 136/(-6)*(-15)/o. Let j = z + -30. Calculate the remainder when 4 is divided by j.
0
Let d = 4 + 10. Let h = -24 + d. Let n(m) = -3*m - 24. What is the remainder when 16 is divided by n(h)?
4
Suppose 12*u - 45 = 3*u. Suppose -3*p + 3*x + 20 = 131, -u*x = -p - 41. Calculate the remainder when 69/4 - (-2 - p/16) is divided by 9.
8
Suppose -2*h - 36 = -0*h. Let w = h - -45. Let g = 2578 - 2563. What is the remainder when w is divided by g?
12
Suppose 77*f + 69 = -423 + 2494. What is the remainder when 206 is divided by f?
24
Let v = -38 - -56. What is the remainder when (-18)/99 - (-1572)/44*3 is divided by v?
17
Suppose 15*t = 6*t - 18. Calculate the remainder when (3 + t)/((-16)/(-304)) is divided by 9.
1
Suppose -13 = -22*d + 35*d. Calculate the remainder when 99 is divided by d/(5 - 528/105).
29
Let f = -17614 + 19065. What is the remainder when f is divided by 16?
11
Let p be (-1 - 1) + (-4)/(-1). Suppose -4*i - 2*t = -3*t - 120, 2*i = -p*t + 70. Calculate the remainder when i is divided by (-1465)/(-70) + -5 - (-2)/28.
15
Suppose -5963*z = -5955*z - 80. What is the remainder when 714 is divided by z?
4
Let o be (-8)/(-14) - (-7040)/28. Suppose -5*s + s - 5*b = -256, -4*s + o = 4*b